 - d*h + 2 + h. Let v be (0 + (0 - -1))*1. Calculate a(v).
-8
Suppose 0 = f + 4*a - 8, -f - 2*a - 2 + 6 = 0. Suppose 0*v + v = f. Let u(t) = t**3 - t + 1. Determine u(v).
1
Let t(g) be the first derivative of 3 - 2*g + 2/3*g**3 + 0*g**2. Suppose -3*l - 3*m - 8 - 4 = 0, -4*l - 5*m = 18. Calculate t(l).
6
Let i(b) = b**2 - b. Let z be i(3). Let t = z + -6. Let g(j) = j + 5. Calculate g(t).
5
Let q(b) = -b. Suppose p - 23 = 4*d, 2*p + 8 = -2*d + 6*p. What is q(d)?
6
Let u(w) = -6*w**3 - 16*w**2 - 7*w - 8. Let g(z) = -5*z**3 - 15*z**2 - 6*z - 7. Let p(v) = -7*g(v) + 6*u(v). Determine p(9).
1
Suppose 0 = -10*r + 5*r + 4*d - 25, -2*d = -r - 11. Let m(g) = 0*g - 4*g**2 - 9 + 2*g + 10. Give m(r).
-5
Let p(c) = 5*c**2 - 9*c - 4. Let b(m) = -3*m**2 + 5*m + 2. Let o(l) = 7*b(l) + 4*p(l). Let t be ((-4)/(-4) + -1)/2. Determine o(t).
-2
Suppose 3*n - 3 = 4*n. Suppose 1 = -5*m - 4. Let k(d) = -d**3 - 2*d**2 + 4*d - 6. Let v(w) = -1. Let l(z) = m*k(z) + 5*v(z). Give l(n).
4
Let a(q) = 3*q + 1. Let z be a(1). Suppose -1 = -n + 2. Suppose -n*h = -0*l + l - 14, -18 = -z*h - 2*l. Let u(s) = -s - 4. What is u(h)?
-9
Let h be 4 + -3 + -6 + 2. Let d(p) = -3*p + 1. Give d(h).
10
Let f(o) = -o**2 - 2*o + 2. Let n be ((-2)/(-1))/(-10 + 11). What is f(n)?
-6
Let a(v) = v**3 - 3*v**2 - 7*v - 1. Let b = 10 - 5. What is a(b)?
14
Let s(k) = 11*k - 6 - 1 + 3 - 7*k. Give s(5).
16
Let z(t) = -3*t + 9. Let c(k) = -2*k + 4. Let x(i) = -5*c(i) + 3*z(i). Suppose -j - 2*s = 16, 38 = -3*j - 4*s - 0*s. What is x(j)?
1
Let r(g) be the third derivative of g**6/120 - g**5/20 - g**4/24 + g**3/3 + 20*g**2. Determine r(3).
-1
Let d(o) be the second derivative of 5*o**3/6 - 3*o**2/2 + 2*o. Suppose 4 = 2*r - 0. Determine d(r).
7
Let b be (2/4)/((-4)/(-8)). Let g(k) = 3*k**3 - 3*k**2 - 4*k + 6. Let u(i) = -i**3 - 1. Let p(y) = b*g(y) + 2*u(y). What is p(3)?
-8
Let v(y) = 0 - 1 + y - 4. Suppose -6*l + 14 + 4 = 0. What is v(l)?
-2
Let v(q) = -q + 2. Let f(i) = 3*i**2 + 3*i + 2. Let m be f(-2). Let w = -4 + m. Determine v(w).
-2
Let x = -1 - -3. Let q(c) = -2*c**2 + 2 + 5*c + 3*c**2 + 0*c**x. Let s(b) = b**2 + 6*b + 4. Let z be s(-4). Determine q(z).
-2
Let f(u) = u + 11. Let x be f(-12). Suppose -b = b - 8. Let i(c) = -5*c**3 - 3 + c - c**2 + b + 0*c**3. Give i(x).
4
Let b(o) = 5*o**2 + 3*o - 3. Let r be b(1). Let j(n) = -n + 4. Determine j(r).
-1
Let b(g) = g - 1. Let c(x) = x**3 + 7*x**2 + 3*x - 7. Let v be c(-6). Let k = 15 - v. Give b(k).
3
Let v(k) = k + 0*k + k + 13. Let u(x) = x + 6. Let t(y) = -7*u(y) + 3*v(y). What is t(3)?
-6
Let s(z) = z**2 - 5*z - 3. Let v be s(6). Let u(h) = -v*h + 7*h + 2 - 1. Suppose -3*q = 2*q + 10. Calculate u(q).
-7
Let o(j) = j**3 + 8*j**2 + 10*j + 5. Suppose 21 = 24*g - 27*g. Determine o(g).
-16
Let y(x) = x - 6*x - x**2 + 4 + 0*x. What is y(-6)?
-2
Let u(s) = s + 5. Let x = -2 + -2. Let l be x/(0/3 - 2). Suppose 0 = -3*w + 2*f - l, w - f + 1 = -0*f. Give u(w).
5
Let f be 112/(-24) - (-4)/6. Let l = 14 + -10. Let h(y) = y**3 + y**2 + y - l + 3*y**2 + 2. What is h(f)?
-6
Let w(k) = -13 - 2*k + k + 10. What is w(-6)?
3
Let d(v) = 5*v**3 - 2*v**2 - 7*v - 3. Let g(w) = w**3 + w**2 - 1. Let x(o) = d(o) - 4*g(o). Calculate x(7).
1
Let d(g) = 4*g**3 - 4*g - 1. Let v(i) = -8*i**3 + 9*i + 2. Let s(n) = -5*d(n) - 2*v(n). Determine s(-1).
3
Suppose h = 0, 3*j - 15 = 5*h - 2*h. Suppose 1 = -j*q + 21. Let l(k) = 0*k + 5 + k - 3. Give l(q).
6
Let v(x) = 6*x - 27. Let w be v(5). Let p(b) be the second derivative of -1/12*b**4 + 1/20*b**5 - 1/6*b**w - 2*b**2 - 2*b + 0. Determine p(0).
-4
Let d(a) = -a - a**2 + 5*a**2 - a**2 + 3. Let q(i) = 2*i**2 + 2. Let k(w) = 3*d(w) - 4*q(w). Let m = -6 + 10. What is k(m)?
5
Let d(l) = -l + 3. Let n be (-10)/(-6)*24/8. Determine d(n).
-2
Let f(c) = 2*c**3 + c**2 + 2*c + 5. Let r(x) = x**3 + x**2 + 2*x + 4. Let a(u) = -2*f(u) + 3*r(u). Give a(3).
-10
Let a(r) = 32*r - 13. Let q(d) = 8*d - 3. Let x(y) = -6*a(y) + 26*q(y). Determine x(1).
16
Suppose 3*u + b + 16 = 0, 3*b = u + b - 4. Let f = 1 + u. Let s(v) = 2*v + 1. What is s(f)?
-5
Suppose 2*s - 28 = -5*o, -3*s + 2*s + o = 0. Let p(z) = z**3 - 4*z**2 + z + 2. Calculate p(s).
6
Let m(c) = -20 + 10 + 11. Let v(z) = -6*z + 1. Let b(g) = -2*m(g) + v(g). Let d be (-4)/16 - 5/(-4). What is b(d)?
-7
Let s be -4*-2*(-1)/(-4). Let l(n) = 0*n**2 + 1 + 2*n - s*n**2 - 5*n + 2. Let p be 9/(-12)*(4 - 0). Calculate l(p).
-6
Let v(f) = -3*f**2 + 2*f + 2. Let w be (-2)/(-1) + 4 + -2. Suppose w*x + 10 = 2. Let b(h) = h**2 - h - 1. Let k(d) = x*b(d) - v(d). Determine k(0).
0
Let m(f) = f**2 + 6*f - 1. Let u(z) = -z**2 - 7*z. Let d be (-120)/55 - 2/(-11). Let b(x) = d*u(x) - 3*m(x). Let n be (-22)/5 - (-6)/15. Calculate b(n).
3
Let u(w) be the third derivative of w**6/360 - w**5/60 - 7*w**4/24 - w**3/6 - 2*w**2. Let d(p) be the first derivative of u(p). Give d(5).
8
Let c(g) = g**2 - 2*g + 1. Suppose 2*a = -5*i - 4, -2*i - 2*a = -4*i - 10. Calculate c(i).
9
Suppose 2*h - 3 = -h. Let f(z) = -4*z**3 - z + 1. Determine f(h).
-4
Let f(i) be the first derivative of i**2/2 - 5*i - 9. What is f(5)?
0
Suppose -3*k + k + 6 = 0. Let i be 15/(-10)*(-8)/k. Let a(w) = w - 4. Determine a(i).
0
Suppose -4*m = -5 + 1. Let r(w) be the second derivative of w**4/12 + w**3/6 - w**2/2 - 2*w. Calculate r(m).
1
Let y(w) = 3*w**3 + 8*w**2 + 3*w + 4. Suppose 2*t - 4 + 2 = 0. Let x(h) = 5*h**2 + 0 - t - h**3 - h - 6*h**2. Let s(b) = -4*x(b) - y(b). What is s(3)?
-6
Let z(d) = -d - 1. Suppose 3*v - 8*v + 45 = 0. Let f be (v/12)/(1/8). Determine z(f).
-7
Let p(m) = -m - 2. Suppose 25 = 10*r - 25. Determine p(r).
-7
Let b = -5 - -12. Let x be 2/((-1)/(4 + -2)). Let o = x + b. Let h(s) = s + 3. What is h(o)?
6
Let w(m) = -5*m - 9. Let y(b) = -9*b - 17. Let u(h) = h - 4. Let z be u(-7). Let o(f) = z*w(f) + 6*y(f). Let l be o(5). Let n(p) = p + 1. What is n(l)?
3
Let z(j) = -46 - 3*j + 90 - 41 - 5*j**2. What is z(-3)?
-33
Let x be 0 - 8/6*-3. Let i(m) = 3*m - 2. Calculate i(x).
10
Let x(k) = -k - 1. Let d be x(-7). Let u(j) = 7 - 7*j + j**2 + 3 - 6. Give u(d).
-2
Let p(y) be the third derivative of y**4/24 - y**3/2 - y**2. Calculate p(4).
1
Let c(u) = -u**3 - 9*u**2 - 2*u - 5. Let g be c(-9). Let l = g - 18. Let t(n) = n**2 + 3*n - 1. Calculate t(l).
9
Let h(f) = -f**2 - 6*f - 3. Suppose -2*r - 13 + 3 = 0. Let u be h(r). Let m(j) = -5 + j**2 + j**3 + u + 3*j**2. Calculate m(-3).
6
Let x(i) = 2*i + 3*i - 2*i + 3. Let b(g) = g**2 + 7*g - 8. Let r be b(-8). Suppose 0 = -a - r - 2. Determine x(a).
-3
Let f(x) = x**2 + 7*x - 3. Let q be (-24)/8 + (-86)/(-2). Suppose 5*u = -0*u - q. Determine f(u).
5
Let c(f) = -f + 1. Let y(r) = -6*r - 1 + 3*r - 3. Let t be y(-3). Let k(b) = -4*b + 3. Let l(o) = t*k(o) - 15*c(o). Give l(-1).
5
Let r(b) = b + 1. Let a be r(-1). Suppose 3*j + w = 9, 0 = -a*w + 5*w - 15. Let m(p) = -p**j + 3*p + 1 + 3*p - 2*p. Calculate m(4).
1
Let x(b) = -b - 5*b + 4*b**2 - 3 + b**3 + 0*b + 3*b. Let d be ((-5)/10)/((-1)/(-8)). What is x(d)?
9
Let h(b) = -6 - 7*b - 4 + 3 + 6. Suppose 5*u + 8*n + 17 = 5*n, 4*u - 5*n - 16 = 0. Let a be h(u). Let d(t) = t**3 - 6*t**2 - 3. Determine d(a).
-3
Let m(t) = -3*t**3 + 10*t**2 + 7*t + 10. Let o(b) = -b**3 + 3*b**2 + 2*b + 3. Let f(x) = -2*m(x) + 7*o(x). Determine f(0).
1
Suppose 2*s - 2 + 0 = 0. Let u be (2 - 5) + 0 + 1. Let l be s + -1 + (-1 - u). Let y(h) = h - 1. What is y(l)?
0
Let z(b) = 2*b - 1. Suppose v = -3*v + 40. Let u = -7 + v. What is z(u)?
5
Suppose -8*o = -9*o - 3. Let q(u) = u**3 + 3*u**2 - 2*u + 4. Let z(a) = -2*a + 11 + a**2 + 3*a**3 + 8*a**2 - 4*a. Let t(i) = 8*q(i) - 3*z(i). Calculate t(o).
-7
Let z(y) be the first derivative of y**3 - y**2 - y + 9. What is z(2)?
7
Let p(l) = 5 + 0*l + 4*l - 1. Suppose 5*r + 3 = -5*d - 32, -r + 3*d = -5. What is p(r)?
-12
Suppose -9 = -a + 5*b + 3, 4*a = 3*b + 31. Suppose -5 = -a*p + 2*p. Let l(j) = 17*j - 16*j - 3 - p + 0. Give l(-3).
-7
Let l(v) be the third derivative of -v**7/5040 - v**6/120 - v**5/15 - 3*v**2. Let u(z) be the third derivative of l(z). Give u(0).
-6
Suppose -a + 0*a = 0. Let t be (a/(4 - 2))/(-3). Let y(d) be the third derivative of -d**5/60 - d**4/24 - d**3/2 - d**2. Give y(t).
-3
Let s(f) = -f**2 - 5*f + 5. Let a be 1/(-2)*2*5. Determine s(a).
5
Let b(l) be the third derivative of -l**5/30 - l**4/12 - l**3/6 